{"id":2,"date":"2022-02-22T16:15:18","date_gmt":"2022-02-22T16:15:18","guid":{"rendered":"https:\/\/worldvision.org.ni\/reddeaprendizaje\/?page_id=2"},"modified":"2022-05-27T16:27:53","modified_gmt":"2022-05-27T16:27:53","slug":"red-de-aprendizaje-unlock-literacy","status":"publish","type":"page","link":"https:\/\/worldvision.org.ni\/reddeaprendizaje\/","title":{"rendered":"Red de Aprendizaje"},"content":{"rendered":"\n<p>Red de aprendizaje Unlock Literacy<\/p>\n\n\n\n<p>Un espacio de interacci\u00f3n inclusivo para la creaci\u00f3n, innovaci\u00f3n y acompa\u00f1amiento en pro de mejores pr\u00e1cticas de ense\u00f1anza-aprendizaje de ni\u00f1as y ni\u00f1os en lectoescritura.<\/p>\n\n\n\n<h2 class=\"wp-block-heading\">Objetivo de la&nbsp;Red de Aprendizaje<\/h2>\n\n\n\n<p>Dinamizar el conocimiento de los actores claves que intervinen en el proceso educativo en los diferentes espacios a trav\u00e9s de medios digitales de f\u00e1cil uso y accesibilidad.<br>Brindar recursos digitales sobre procesos de la promoci\u00f3n lectora con base a los resultados de la investigaci\u00f3n a nivel comunitario.<\/p>\n","protected":false},"excerpt":{"rendered":"<p>Red de aprendizaje Unlock Literacy Un espacio de interacci\u00f3n inclusivo para la creaci\u00f3n, innovaci\u00f3n y acompa\u00f1amiento en pro de mejores pr\u00e1cticas de ense\u00f1anza-aprendizaje de ni\u00f1as y ni\u00f1os en lectoescritura. Objetivo de la&nbsp;Red de Aprendizaje Dinamizar el conocimiento de los actores claves que intervinen en el proceso educativo en los diferentes espacios a trav\u00e9s de medios [&hellip;]<\/p>\n","protected":false},"author":1,"featured_media":0,"parent":0,"menu_order":0,"comment_status":"open","ping_status":"open","template":"template-home.php","meta":{"nf_dc_page":"","om_disable_all_campaigns":false,"footnotes":""},"class_list":["post-2","page","type-page","status-publish","hentry"],"yoast_head":"<!-- This site is optimized with the Yoast SEO plugin v27.5 - https:\/\/yoast.com\/product\/yoast-seo-wordpress\/ -->\n<title>Red de aprendizaje Unlock Literacy<\/title>\n<meta name=\"description\" content=\"Red de aprendizaje Unlock Literacy , Un espacio de interacci\u00f3n inclusivo para la creaci\u00f3n, innovaci\u00f3n y acompa\u00f1amiento en pro de mejores pr\u00e1cticas de ense\u00f1anza-aprendizaje de ni\u00f1as y ni\u00f1os en lectoescritura.\" class=\"yoast-seo-meta-tag\" \/>\n<meta name=\"robots\" content=\"index, follow, max-snippet:-1, max-image-preview:large, max-video-preview:-1\" \/>\n<link rel=\"canonical\" href=\"https:\/\/worldvision.org.ni\/reddeaprendizaje\/\" class=\"yoast-seo-meta-tag\" \/>\n<meta property=\"og:locale\" content=\"es_ES\" class=\"yoast-seo-meta-tag\" \/>\n<meta property=\"og:type\" content=\"article\" class=\"yoast-seo-meta-tag\" \/>\n<meta property=\"og:title\" content=\"Red de aprendizaje Unlock Literacy\" class=\"yoast-seo-meta-tag\" \/>\n<meta property=\"og:description\" content=\"Un espacio de interacci\u00f3n inclusivo para la creaci\u00f3n, innovaci\u00f3n y acompa\u00f1amiento en pro de mejores pr\u00e1cticas de ense\u00f1anza-aprendizaje de ni\u00f1as y ni\u00f1os en lectoescritura.\" class=\"yoast-seo-meta-tag\" \/>\n<meta property=\"og:url\" content=\"https:\/\/worldvision.org.ni\/reddeaprendizaje\/\" class=\"yoast-seo-meta-tag\" \/>\n<meta property=\"og:site_name\" content=\"Red de aprendizaje Unlock Literacy\" class=\"yoast-seo-meta-tag\" \/>\n<meta property=\"article:modified_time\" content=\"2022-05-27T16:27:53+00:00\" class=\"yoast-seo-meta-tag\" \/>\n<meta property=\"og:image\" content=\"https:\/\/worldvision.org.ni\/reddeaprendizaje\/wp-content\/uploads\/2022\/05\/red-ul.png\" class=\"yoast-seo-meta-tag\" \/>\n\t<meta property=\"og:image:width\" content=\"1886\" class=\"yoast-seo-meta-tag\" \/>\n\t<meta property=\"og:image:height\" content=\"859\" class=\"yoast-seo-meta-tag\" \/>\n\t<meta property=\"og:image:type\" content=\"image\/png\" class=\"yoast-seo-meta-tag\" \/>\n<meta name=\"twitter:card\" content=\"summary_large_image\" class=\"yoast-seo-meta-tag\" \/>\n<meta name=\"twitter:title\" content=\"Red de aprendizaje Unlock Literacy\" class=\"yoast-seo-meta-tag\" \/>\n<meta name=\"twitter:description\" content=\"Un espacio de interacci\u00f3n inclusivo para la creaci\u00f3n, innovaci\u00f3n y acompa\u00f1amiento en pro de mejores pr\u00e1cticas de ense\u00f1anza-aprendizaje de ni\u00f1as y ni\u00f1os en lectoescritura.\" class=\"yoast-seo-meta-tag\" \/>\n<meta name=\"twitter:image\" content=\"https:\/\/i0.wp.com\/worldvision.org.ni\/reddeaprendizaje\/wp-content\/uploads\/2022\/05\/red-ul.png?fit=1886%2C859&ssl=1\" class=\"yoast-seo-meta-tag\" \/>\n<meta name=\"twitter:label1\" content=\"Tiempo de lectura\" class=\"yoast-seo-meta-tag\" \/>\n\t<meta name=\"twitter:data1\" content=\"1 minuto\" class=\"yoast-seo-meta-tag\" \/>\n<script type=\"application\/ld+json\" class=\"yoast-schema-graph\">{\"@context\":\"https:\\\/\\\/schema.org\",\"@graph\":[{\"@type\":\"WebPage\",\"@id\":\"https:\\\/\\\/worldvision.org.ni\\\/reddeaprendizaje\\\/\",\"url\":\"https:\\\/\\\/worldvision.org.ni\\\/reddeaprendizaje\\\/\",\"name\":\"Red de aprendizaje Unlock Literacy\",\"isPartOf\":{\"@id\":\"https:\\\/\\\/worldvision.org.ni\\\/reddeaprendizaje\\\/#website\"},\"datePublished\":\"2022-02-22T16:15:18+00:00\",\"dateModified\":\"2022-05-27T16:27:53+00:00\",\"description\":\"Red de aprendizaje Unlock Literacy , Un espacio de interacci\u00f3n inclusivo para la creaci\u00f3n, innovaci\u00f3n y acompa\u00f1amiento en pro de mejores pr\u00e1cticas de ense\u00f1anza-aprendizaje de ni\u00f1as y ni\u00f1os en lectoescritura.\",\"breadcrumb\":{\"@id\":\"https:\\\/\\\/worldvision.org.ni\\\/reddeaprendizaje\\\/#breadcrumb\"},\"inLanguage\":\"es\",\"potentialAction\":[{\"@type\":\"ReadAction\",\"target\":[\"https:\\\/\\\/worldvision.org.ni\\\/reddeaprendizaje\\\/\"]}]},{\"@type\":\"BreadcrumbList\",\"@id\":\"https:\\\/\\\/worldvision.org.ni\\\/reddeaprendizaje\\\/#breadcrumb\",\"itemListElement\":[{\"@type\":\"ListItem\",\"position\":1,\"name\":\"Home\",\"item\":\"https:\\\/\\\/worldvision.org.ni\\\/reddeaprendizaje\\\/\"},{\"@type\":\"ListItem\",\"position\":2,\"name\":\"Red de Aprendizaje\"}]},{\"@type\":\"WebSite\",\"@id\":\"https:\\\/\\\/worldvision.org.ni\\\/reddeaprendizaje\\\/#website\",\"url\":\"https:\\\/\\\/worldvision.org.ni\\\/reddeaprendizaje\\\/\",\"name\":\"Red de aprendizaje Unlock Literacy\",\"description\":\"Un espacio de interacci\u00f3n inclusivo para la creaci\u00f3n, innovaci\u00f3n y acompa\u00f1amiento en pro de mejores pr\u00e1cticas de ense\u00f1anza-aprendizaje de ni\u00f1as y ni\u00f1os en lectoescritura.\",\"publisher\":{\"@id\":\"https:\\\/\\\/worldvision.org.ni\\\/reddeaprendizaje\\\/#organization\"},\"potentialAction\":[{\"@type\":\"SearchAction\",\"target\":{\"@type\":\"EntryPoint\",\"urlTemplate\":\"https:\\\/\\\/worldvision.org.ni\\\/reddeaprendizaje\\\/?s={search_term_string}\"},\"query-input\":{\"@type\":\"PropertyValueSpecification\",\"valueRequired\":true,\"valueName\":\"search_term_string\"}}],\"inLanguage\":\"es\"},{\"@type\":\"Organization\",\"@id\":\"https:\\\/\\\/worldvision.org.ni\\\/reddeaprendizaje\\\/#organization\",\"name\":\"Red de aprendizaje Unlock Literacy\",\"url\":\"https:\\\/\\\/worldvision.org.ni\\\/reddeaprendizaje\\\/\",\"logo\":{\"@type\":\"ImageObject\",\"inLanguage\":\"es\",\"@id\":\"https:\\\/\\\/worldvision.org.ni\\\/reddeaprendizaje\\\/#\\\/schema\\\/logo\\\/image\\\/\",\"url\":\"https:\\\/\\\/i0.wp.com\\\/worldvision.org.ni\\\/reddeaprendizaje\\\/wp-content\\\/uploads\\\/2022\\\/03\\\/red-de-aprendizaje-UL.jpg?fit=500%2C500&ssl=1\",\"contentUrl\":\"https:\\\/\\\/i0.wp.com\\\/worldvision.org.ni\\\/reddeaprendizaje\\\/wp-content\\\/uploads\\\/2022\\\/03\\\/red-de-aprendizaje-UL.jpg?fit=500%2C500&ssl=1\",\"width\":500,\"height\":500,\"caption\":\"Red de aprendizaje Unlock Literacy\"},\"image\":{\"@id\":\"https:\\\/\\\/worldvision.org.ni\\\/reddeaprendizaje\\\/#\\\/schema\\\/logo\\\/image\\\/\"}}]}<\/script>\n<!-- \/ Yoast SEO plugin. -->","yoast_head_json":{"title":"Red de aprendizaje Unlock Literacy","description":"Red de aprendizaje Unlock Literacy , Un espacio de interacci\u00f3n inclusivo para la creaci\u00f3n, innovaci\u00f3n y acompa\u00f1amiento en pro de mejores pr\u00e1cticas de ense\u00f1anza-aprendizaje de ni\u00f1as y ni\u00f1os en lectoescritura.","robots":{"index":"index","follow":"follow","max-snippet":"max-snippet:-1","max-image-preview":"max-image-preview:large","max-video-preview":"max-video-preview:-1"},"canonical":"https:\/\/worldvision.org.ni\/reddeaprendizaje\/","og_locale":"es_ES","og_type":"article","og_title":"Red de aprendizaje Unlock Literacy","og_description":"Un espacio de interacci\u00f3n inclusivo para la creaci\u00f3n, innovaci\u00f3n y acompa\u00f1amiento en pro de mejores pr\u00e1cticas de ense\u00f1anza-aprendizaje de ni\u00f1as y ni\u00f1os en lectoescritura.","og_url":"https:\/\/worldvision.org.ni\/reddeaprendizaje\/","og_site_name":"Red de aprendizaje Unlock Literacy","article_modified_time":"2022-05-27T16:27:53+00:00","og_image":[{"width":1886,"height":859,"url":"https:\/\/worldvision.org.ni\/reddeaprendizaje\/wp-content\/uploads\/2022\/05\/red-ul.png","type":"image\/png"}],"twitter_card":"summary_large_image","twitter_title":"Red de aprendizaje Unlock Literacy","twitter_description":"Un espacio de interacci\u00f3n inclusivo para la creaci\u00f3n, innovaci\u00f3n y acompa\u00f1amiento en pro de mejores pr\u00e1cticas de ense\u00f1anza-aprendizaje de ni\u00f1as y ni\u00f1os en lectoescritura.","twitter_image":"https:\/\/i0.wp.com\/worldvision.org.ni\/reddeaprendizaje\/wp-content\/uploads\/2022\/05\/red-ul.png?fit=1886%2C859&ssl=1","twitter_misc":{"Tiempo de lectura":"1 minuto"},"schema":{"@context":"https:\/\/schema.org","@graph":[{"@type":"WebPage","@id":"https:\/\/worldvision.org.ni\/reddeaprendizaje\/","url":"https:\/\/worldvision.org.ni\/reddeaprendizaje\/","name":"Red de aprendizaje Unlock Literacy","isPartOf":{"@id":"https:\/\/worldvision.org.ni\/reddeaprendizaje\/#website"},"datePublished":"2022-02-22T16:15:18+00:00","dateModified":"2022-05-27T16:27:53+00:00","description":"Red de aprendizaje Unlock Literacy , Un espacio de interacci\u00f3n inclusivo para la creaci\u00f3n, innovaci\u00f3n y acompa\u00f1amiento en pro de mejores pr\u00e1cticas de ense\u00f1anza-aprendizaje de ni\u00f1as y ni\u00f1os en lectoescritura.","breadcrumb":{"@id":"https:\/\/worldvision.org.ni\/reddeaprendizaje\/#breadcrumb"},"inLanguage":"es","potentialAction":[{"@type":"ReadAction","target":["https:\/\/worldvision.org.ni\/reddeaprendizaje\/"]}]},{"@type":"BreadcrumbList","@id":"https:\/\/worldvision.org.ni\/reddeaprendizaje\/#breadcrumb","itemListElement":[{"@type":"ListItem","position":1,"name":"Home","item":"https:\/\/worldvision.org.ni\/reddeaprendizaje\/"},{"@type":"ListItem","position":2,"name":"Red de Aprendizaje"}]},{"@type":"WebSite","@id":"https:\/\/worldvision.org.ni\/reddeaprendizaje\/#website","url":"https:\/\/worldvision.org.ni\/reddeaprendizaje\/","name":"Red de aprendizaje Unlock Literacy","description":"Un espacio de interacci\u00f3n inclusivo para la creaci\u00f3n, innovaci\u00f3n y acompa\u00f1amiento en pro de mejores pr\u00e1cticas de ense\u00f1anza-aprendizaje de ni\u00f1as y ni\u00f1os en lectoescritura.","publisher":{"@id":"https:\/\/worldvision.org.ni\/reddeaprendizaje\/#organization"},"potentialAction":[{"@type":"SearchAction","target":{"@type":"EntryPoint","urlTemplate":"https:\/\/worldvision.org.ni\/reddeaprendizaje\/?s={search_term_string}"},"query-input":{"@type":"PropertyValueSpecification","valueRequired":true,"valueName":"search_term_string"}}],"inLanguage":"es"},{"@type":"Organization","@id":"https:\/\/worldvision.org.ni\/reddeaprendizaje\/#organization","name":"Red de aprendizaje Unlock Literacy","url":"https:\/\/worldvision.org.ni\/reddeaprendizaje\/","logo":{"@type":"ImageObject","inLanguage":"es","@id":"https:\/\/worldvision.org.ni\/reddeaprendizaje\/#\/schema\/logo\/image\/","url":"https:\/\/i0.wp.com\/worldvision.org.ni\/reddeaprendizaje\/wp-content\/uploads\/2022\/03\/red-de-aprendizaje-UL.jpg?fit=500%2C500&ssl=1","contentUrl":"https:\/\/i0.wp.com\/worldvision.org.ni\/reddeaprendizaje\/wp-content\/uploads\/2022\/03\/red-de-aprendizaje-UL.jpg?fit=500%2C500&ssl=1","width":500,"height":500,"caption":"Red de aprendizaje Unlock Literacy"},"image":{"@id":"https:\/\/worldvision.org.ni\/reddeaprendizaje\/#\/schema\/logo\/image\/"}}]}},"jetpack_sharing_enabled":true,"_links":{"self":[{"href":"https:\/\/worldvision.org.ni\/reddeaprendizaje\/wp-json\/wp\/v2\/pages\/2","targetHints":{"allow":["GET"]}}],"collection":[{"href":"https:\/\/worldvision.org.ni\/reddeaprendizaje\/wp-json\/wp\/v2\/pages"}],"about":[{"href":"https:\/\/worldvision.org.ni\/reddeaprendizaje\/wp-json\/wp\/v2\/types\/page"}],"author":[{"embeddable":true,"href":"https:\/\/worldvision.org.ni\/reddeaprendizaje\/wp-json\/wp\/v2\/users\/1"}],"replies":[{"embeddable":true,"href":"https:\/\/worldvision.org.ni\/reddeaprendizaje\/wp-json\/wp\/v2\/comments?post=2"}],"version-history":[{"count":3,"href":"https:\/\/worldvision.org.ni\/reddeaprendizaje\/wp-json\/wp\/v2\/pages\/2\/revisions"}],"predecessor-version":[{"id":59,"href":"https:\/\/worldvision.org.ni\/reddeaprendizaje\/wp-json\/wp\/v2\/pages\/2\/revisions\/59"}],"wp:attachment":[{"href":"https:\/\/worldvision.org.ni\/reddeaprendizaje\/wp-json\/wp\/v2\/media?parent=2"}],"curies":[{"name":"wp","href":"https:\/\/api.w.org\/{rel}","templated":true}]}}